{"id":2389,"date":"2022-11-05T13:23:53","date_gmt":"2021-03-09T11:43:12","guid":{"rendered":""},"modified":"2024-07-08T18:30:18","modified_gmt":"2024-07-08T11:30:18","slug":"giai-phap","status":"publish","type":"page","link":"https:\/\/bpovietnam.com.vn\/index.php\/giai-phap\/","title":{"rendered":"Gi\u1ea3i ph\u00e1p"},"content":{"rendered":"\n<p>Ng\u00e0y nay, g\u1ea7n nh\u01b0 \u0111i \u0111\u1ebfn \u0111\u00e2u ch\u00fang ta c\u0169ng nghe n\u00f3i \u0111\u1ebfn gi\u00e1 tr\u1ecb c\u1ee7a d\u1eef li\u1ec7u, \u0111\u1ebfn t\u1ea7m quan tr\u1ecdng c\u1ee7a vi\u1ec7c b\u1ea3o m\u1eadt v\u00e0 khai th\u00e1c d\u1eef li\u1ec7u \u0111\u1ec3 t\u1eeb \u0111\u00f3 chuy\u1ec3n h\u00f3a th\u00e0nh c\u00e1c hi\u1ec7u qu\u1ea3 kinh doanh. Ph\u00e2n t\u00edch d\u1eef li\u1ec7u v\u00e0 c\u00e1c gi\u1ea3i ph\u00e1p h\u1ed7 tr\u1ee3 ra quy\u1ebft \u0111\u1ecbnh ng\u00e0y c\u00e0ng tr\u1edf n\u00ean ph\u1ed5 bi\u1ebfn v\u00e0 l\u00e0 nhu c\u1ea7u c\u1ea5p thi\u1ebft c\u1ee7a doanh nghi\u1ec7p. Vi\u1ec7c t\u1ed5 ch\u1ee9c m\u1ed9t b\u1ed9 m\u00e1y \u0111\u1ec3 \u0111\u1ea3m nhi\u1ec7m vi\u1ec7c n\u00e0y \u0111\u00f2i h\u1ecfi s\u1ef1 \u0111\u1ea7u t\u01b0 kh\u00f4ng nh\u1ecf v\u1ec1 ngu\u1ed3n l\u1ef1c: con ng\u01b0\u1eddi, hi\u1ec3u bi\u1ebft v\u1ec1 c\u00f4ng ngh\u1ec7 th\u00f4ng tin, hi\u1ec3u bi\u1ebft v\u1ec1 ki\u1ebfn th\u1ee9c nghi\u1ec7p v\u1ee5\u2026 V\u00ec v\u1eady, l\u1ef1a ch\u1ecdn gi\u1ea3i ph\u00e1p thu\u00ea ngo\u00e0i (outsourcing) l\u00e0 m\u1ed9t h\u01b0\u1edbng \u0111i m\u00e0 doanh nghi\u1ec7p c\u00f3 th\u1ec3 \u00e1p d\u1ee5ng \u0111\u1ec3 t\u1ed1i gi\u1ea3n chi ph\u00ed nh\u01b0ng c\u00f3 th\u1ec3 g\u1eb7t h\u00e1i hi\u1ec7u qu\u1ea3 t\u1ed1i \u0111a. <a href=\"https:\/\/bpovietnam.com.vn\/index.php\/category\/dss\/\" target=\"_blank\" rel=\"noopener\" title=\"BPO DSS\">BPO\u00a0DSS<\/a>\u00a0\u2013 b\u1ed9 gi\u1ea3i ph\u00e1p h\u1ed9i t\u1ee5 c\u00e1c ki\u1ebfn th\u1ee9c v\u1ec1 c\u00f4ng ngh\u1ec7 th\u00f4ng tin s\u00e2u s\u1eafc, c\u00e1c ki\u1ebfn th\u1ee9c v\u1ec1 nghi\u1ec7p v\u1ee5 \u0111a d\u1ea1ng, c\u00e1c kinh nghi\u1ec7m tri\u1ec3n khai d\u00e0y d\u1ea1n c\u1ee7a \u0111\u1ed9i ng\u0169 BPO Vi\u1ec7t Nam k\u1ebft h\u1ee3p v\u1edbi c\u00e1c c\u00f4ng c\u1ee5 ph\u00e2n t\u00edch v\u00e0 tr\u00ecnh di\u1ec5n hi\u1ec7n \u0111\u1ea1i c\u1ee7a c\u00e1c \u00f4ng l\u1edbn trong ng\u00e0nh c\u00f4ng ngh\u1ec7 nh\u01b0 Microsoft, l\u00e0 m\u1ed9t trong nh\u1eefng l\u1ef1a ch\u1ecdn m\u00e0 doanh nghi\u1ec7p c\u00f3 th\u1ec3 c\u00e2n nh\u1eafc.<\/p>\n\n\n\n<p>Tuy nhi\u00ean, \u0111\u1ec3 c\u00f3 d\u1eef li\u1ec7u k\u1ecbp th\u1eddi, ch\u00ednh x\u00e1c, tin c\u1eady v\u00e0 b\u1ea3o m\u1eadt \u0111\u1ec3 \u0111\u01b0a v\u00e0o ph\u00e2n t\u00edch ch\u01b0a bao gi\u1edd l\u00e0 \u0111i\u1ec1u ki\u1ec7n d\u1ec5 d\u00e0ng. \u0110\u1ed1i v\u1edbi d\u1eef li\u1ec7u b\u00ean trong doanh nghi\u1ec7p, c\u1ea7n theo d\u00f5i trong th\u1eddi gian \u0111\u1ee7 d\u00e0i (th\u01b0\u1eddng l\u00e0 2 n\u0103m tr\u1edf l\u00ean), \u0111\u1ed9 bao qu\u00e1t \u0111\u1ee7 r\u1ed9ng (t\u1ed1i thi\u1ec3u l\u00e0 c\u00e1c nghi\u1ec7p v\u1ee5 v\u1ec1 k\u1ebf to\u00e1n t\u00e0i ch\u00ednh, v\u1ec1 mua h\u00e0ng, b\u00e1n h\u00e0ng, v\u1ec1 nh\u00e2n s\u1ef1, kh\u00e1ch h\u00e0ng, v\u1ec1 s\u1ea3n xu\u1ea5t, s\u1ea3n ph\u1ea9m \u2026). \u0110\u1ec3 \u0111\u00e1p \u1ee9ng y\u00eau c\u1ea7u ghi ch\u00e9p d\u1eef li\u1ec7u di\u1ec7n r\u1ed9ng, gi\u1ea3i ph\u00e1p <a href=\"https:\/\/bpovietnam.com.vn\/index.php\/category\/erp\/\" target=\"_blank\" rel=\"noopener\" title=\"BPO ERP\">BPO ERP<\/a> l\u00e0 m\u1ed9t l\u1ef1a ch\u1ecdn h\u1ee3p t\u00fai ti\u1ec1n cho c\u00e1c doanh nghi\u1ec7p y\u00eau c\u1ea7u h\u00e0m l\u01b0\u1ee3ng nghi\u1ec7p v\u1ee5 v\u00e0 qu\u1ea3n tr\u1ecb cao nh\u01b0ng v\u1edbi m\u1ed9t chi ph\u00ed b\u1eb1ng 1\/5, 1\/10 gi\u1ea3i ph\u00e1p n\u01b0\u1edbc ngo\u00e0i.<\/p>\n\n\n\n<p>Ngo\u00e0i c\u00e1c d\u1eef li\u1ec7u nghi\u1ec7p v\u1ee5 \u0111\u00e3 \u0111\u01b0\u1ee3c ghi nh\u1eadn tr\u00ean gi\u1ea3i ph\u00e1p qu\u1ea3n tr\u1ecb ngu\u1ed3n l\u1ef1c t\u1ed5ng th\u1ec3 ERP, doanh nghi\u1ec7p v\u1eabn c\u00f2n c\u00e1c ngu\u1ed3n d\u1eef li\u1ec7u qu\u00fd gi\u00e1 kh\u00e1c ch\u01b0a c\u00f3 c\u00e1ch ghi nh\u1eadn ho\u1eb7c chuy\u1ec3n h\u00f3a th\u00e0nh th\u00f4ng tin c\u00f3 th\u1ec3 s\u1eed d\u1ee5ng \u0111\u01b0\u1ee3c. B\u00ean c\u1ea1nh \u0111\u00f3, thu th\u1eadp v\u00e0 l\u01b0u tr\u1eef c\u00e1c ngu\u1ed3n d\u1eef li\u1ec7u b\u00ean ngo\u00e0i c\u0169ng l\u00e0 m\u1ed9t th\u00e1ch th\u1ee9c cho doanh nghi\u1ec7p. <a href=\"https:\/\/bpovietnam.com.vn\/index.php\/category\/power\/\" target=\"_blank\" rel=\"noopener\" title=\"BPO POWER\">BPO Power<\/a> l\u00e0 m\u1ed9t gi\u1ea3i ph\u00e1p t\u00f9y bi\u1ebfn, \u00e1p d\u1ee5ng n\u1ec1n t\u1ea3ng Microsoft Power \u0111\u1ec3 x\u00e2y d\u1ef1ng c\u00e1c k\u1ebft n\u1ed1i v\u1ec1 d\u1eef li\u1ec7u m\u1ed9t c\u00e1ch hi\u1ec7u qu\u1ea3 v\u00e0 linh ho\u1ea1t b\u00ean trong v\u00e0 b\u00ean ngo\u00e0i doanh nghi\u1ec7p.<\/p>\n","protected":false},"excerpt":{"rendered":"<p>Ng\u00e0y nay, g\u1ea7n nh\u01b0 \u0111i \u0111\u1ebfn \u0111\u00e2u ch\u00fang ta c\u0169ng nghe n\u00f3i \u0111\u1ebfn gi\u00e1 tr\u1ecb c\u1ee7a d\u1eef li\u1ec7u, \u0111\u1ebfn t\u1ea7m quan tr\u1ecdng c\u1ee7a vi\u1ec7c b\u1ea3o m\u1eadt v\u00e0 khai th\u00e1c d\u1eef li\u1ec7u \u0111\u1ec3 t\u1eeb \u0111\u00f3 chuy\u1ec3n h\u00f3a th\u00e0nh c\u00e1c hi\u1ec7u qu\u1ea3 kinh doanh. Ph\u00e2n t\u00edch d\u1eef li\u1ec7u v\u00e0 c\u00e1c gi\u1ea3i ph\u00e1p h\u1ed7 tr\u1ee3 ra quy\u1ebft \u0111\u1ecbnh&#8230;<\/p>\n","protected":false},"author":1,"featured_media":2582,"parent":0,"menu_order":0,"comment_status":"closed","ping_status":"closed","template":"","meta":{"_monsterinsights_skip_tracking":false,"_monsterinsights_sitenote_active":false,"_monsterinsights_sitenote_note":"","_monsterinsights_sitenote_category":0,"footnotes":""},"class_list":["post-2389","page","type-page","status-publish","has-post-thumbnail","hentry"],"aioseo_notices":[],"_links":{"self":[{"href":"https:\/\/bpovietnam.com.vn\/index.php\/wp-json\/wp\/v2\/pages\/2389","targetHints":{"allow":["GET"]}}],"collection":[{"href":"https:\/\/bpovietnam.com.vn\/index.php\/wp-json\/wp\/v2\/pages"}],"about":[{"href":"https:\/\/bpovietnam.com.vn\/index.php\/wp-json\/wp\/v2\/types\/page"}],"author":[{"embeddable":true,"href":"https:\/\/bpovietnam.com.vn\/index.php\/wp-json\/wp\/v2\/users\/1"}],"replies":[{"embeddable":true,"href":"https:\/\/bpovietnam.com.vn\/index.php\/wp-json\/wp\/v2\/comments?post=2389"}],"version-history":[{"count":4,"href":"https:\/\/bpovietnam.com.vn\/index.php\/wp-json\/wp\/v2\/pages\/2389\/revisions"}],"predecessor-version":[{"id":2584,"href":"https:\/\/bpovietnam.com.vn\/index.php\/wp-json\/wp\/v2\/pages\/2389\/revisions\/2584"}],"wp:featuredmedia":[{"embeddable":true,"href":"https:\/\/bpovietnam.com.vn\/index.php\/wp-json\/wp\/v2\/media\/2582"}],"wp:attachment":[{"href":"https:\/\/bpovietnam.com.vn\/index.php\/wp-json\/wp\/v2\/media?parent=2389"}],"curies":[{"name":"wp","href":"https:\/\/api.w.org\/{rel}","templated":true}]}}